).
13
Suppose 0*d = 3*d - 984. What are the prime factors of d?
2, 41
Suppose -27 - 118 = -5*d. Suppose 0 = 3*m - d - 112. What are the prime factors of m?
47
Suppose -4*s = -3*n - 911, 0 = 2*s - n - 353 - 100. List the prime factors of s.
2, 7
Let v(m) = -2*m**3 - 4*m - 3. Let t be v(-2). What are the prime factors of 371/t + 2/6?
2, 3
Let x = -44 + 66. What are the prime factors of x?
2, 11
Suppose 3*p = -0*p - 3*f - 15, -5 = 3*p - 2*f. List the prime factors of (-2)/p*(-9)/(-2).
3
Suppose 31*h - 188 = 29*h. What are the prime factors of h?
2, 47
Suppose 0 = 7*h + 170 - 1458. What are the prime factors of h?
2, 23
Suppose z = 3*z - 22. What are the prime factors of z?
11
Let j = -6 + 28. List the prime factors of j.
2, 11
Suppose 58 = 4*j - 2*j. List the prime factors of j.
29
Suppose 20 = 5*o - 2*v + 6, -o + v + 4 = 0. Suppose 4*r - 48 = -o*r. List the prime factors of r.
2
Suppose -w - 10 = -4*c + 1, 4*c = 5*w + 7. Let i be 24/18*3*w. Suppose x + 0*x - 4 = -4*r, -2*x + 8 = -i*r. What are the prime factors of x?
2
Let s be (-44)/10 + (-3)/5. What are the prime factors of 18*(-1 + s/(-3))?
2, 3
Let q be (2 + (-3)/2)*6. Suppose q*m + 2 - 11 = 0. Suppose 0 = -3*y + 3*z, 0 = -m*y + 4*z - 4 + 1. List the prime factors of y.
3
Suppose 0 = -2*f - 4*x + 2*x + 62, -5*f + 5*x = -205. What are the prime factors of f?
2, 3
Let c(x) be the second derivative of -x**5/20 + x**4/3 - x**3/3 + x**2/2 + 8*x. List the prime factors of c(3).
2
Let q(z) = z**2 + 10*z + 5. Let g be q(-10). List the prime factors of (-2)/g - (-54)/10.
5
Suppose -2*h + 0*h + 184 = 2*y, -5*h - 292 = -3*y. Suppose -29 = -b - 0*b - 5*u, -y = -2*b - u. List the prime factors of b.
7
Let j = -10 + 4. What are the prime factors of 4/j + 116/12?
3
Let a = 66 - 41. What are the prime factors of a?
5
Let g(w) = -w + 34. What are the prime factors of g(0)?
2, 17
Let z = -76 - -108. List the prime factors of z.
2
Let s(a) = -a**2 - 7*a + 1. Let n(r) = 5*r - 1. Let t be n(-1). What are the prime factors of s(t)?
7
Suppose -4*j + 4*f + 23 = -f, -4*j + f = -11. Suppose j*a + 3*a = 90. What are the prime factors of a?
2, 3
Let o = 0 + -4. Let s = 4 + o. Suppose -3*r - 53 = -5*a - 2*r, 3*a + 4*r - 18 = s. What are the prime factors of a?
2, 5
Let d(w) = -w**3 + 8*w**2 + w - 1. Suppose 22 = 4*p + 2*y, 4*p - y = 3*p + 10. List the prime factors of d(p).
5, 11
Let z(s) = 233*s**2 + 2*s + 1. What are the prime factors of z(-1)?
2, 29
Suppose -b + 172 = 2*b - 5*f, 4*b - 212 = -2*f. Suppose -3*x - 9 = -b. List the prime factors of x.
3, 5
Let o(h) = -2*h**2 - 49*h - 5. List the prime factors of o(-23).
2
Let q(k) be the first derivative of -k**2/2 + 11*k + 2. List the prime factors of q(6).
5
Suppose 205 = d - 5*w, 4*w - 128 + 520 = 2*d. Suppose 2*j - 7*j = -d. List the prime factors of j.
2, 19
Let p = 19 - 27. Let d be (-1 + 27/6)*p. Let r = -16 - d. What are the prime factors of r?
2, 3
Let l(m) be the second derivative of m**4/12 + m**3 - 3*m**2/2 - 3*m. Let k be 0/1 + 14/(-2). List the prime factors of l(k).
2
Suppose 0 = 4*y + 3*a - 243, -y - 4*a = -3*y + 138. What are the prime factors of y?
3, 7
Let d(x) = x**3 + 6*x**2 + 5*x + 4. List the prime factors of d(-4).
2
Suppose -x + 0*x + 148 = 0. What are the prime factors of x?
2, 37
Let c(p) = -9*p - 7. Let w be c(-5). Suppose k - w = -k. What are the prime factors of k?
19
Let i = -7 + 4. Let y be (-1)/2*i*-2. Let p(w) = -w - 1. List the prime factors of p(y).
2
Suppose 5*x - 3*f = -14, 4*f - 3*f = -2*x + 1. Let p(i) be the first derivative of 7*i**3/3 - i**2 - i + 1. List the prime factors of p(x).
2
Let x = 32 + -11. List the prime factors of x.
3, 7
Let u(y) = -y**3 + 6*y**2 - 4*y + 10. Let s be u(5). What are the prime factors of -74*(2 - s/6)?
37
Suppose -2*y = -94 + 8. What are the prime factors of y?
43
Let o be (63/45)/(2/10). Suppose 100 = -3*p + o*p. List the prime factors of p.
5
What are the prime factors of 12*3 - -3 - -3?
2, 3, 7
Let p(o) = -o**2 - 5*o + 2. Let y be p(-4). What are the prime factors of -6*8/y*-2?
2
Let o = 12 - -34. What are the prime factors of o?
2, 23
Suppose -149 = 2*m + 5*b, -3*m + 2*b = m + 262. List the prime factors of m/(-3) + (-4)/(-6).
23
Let b = 184 + -38. What are the prime factors of b?
2, 73
Suppose -v + 156 = 2*i + 2*v, 0 = -5*i + 4*v + 413. What are the prime factors of i?
3
Suppose c - 4*y + 21 = 0, 3*c + c + 14 = 2*y. Let n = -2 + c. What are the prime factors of (n/(-6))/(4/56)?
7
Let i = 7 + 2. Suppose -4*q + 7*q - i = 0. What are the prime factors of q?
3
Let z be (0/(-3) - -29)/(-1). Let f = z - -41. What are the prime factors of f?
2, 3
Suppose 9*h - 208 = 7*h. What are the prime factors of h?
2, 13
Let o = 186 + -64. Suppose -2*s - 6*k + k + 52 = 0, o = 4*s + k. What are the prime factors of s?
31
Let a(d) = d**3 + d**2 + 3*d - 4. Let j be a(-3). What are the prime factors of 6/(-4) - j/2?
2, 7
Suppose 0 = -0*u + u - 41. What are the prime factors of u?
41
Let w(d) = -2*d - 4. Let b be w(-14). Suppose -9 = -3*g + b. List the prime factors of g.
11
Let j = -29 + 44. Let x be (-2)/(12/(-27))*-2. Let z = x + j. What are the prime factors of z?
2, 3
Let d be (-19)/(-2) + (-4)/8. Let a(p) = -p**3 + 10*p**2 - 7*p - 9. What are the prime factors of a(d)?
3
Let v(q) = 8*q**2 - q + 1. Let r be v(1). Suppose k - 2 = -h, -r = -5*k - 2*h + 14. List the prime factors of k.
2, 3
Suppose 0 = 4*l - 5*h + 19, 0*h = -4*l + h - 7. List the prime factors of (l - 1)*(-3 + 1).
2
Let l(n) be the first derivative of -2 + 7/2*n**2 + 0*n. What are the prime factors of l(1)?
7
Let o(u) be the second derivative of u**3/6 - 5*u**2/2 + 2*u. Let d be o(8). Suppose d*a = 67 - 22. List the prime factors of a.
3, 5
Let g(b) = b**3 + 4*b**2 + 5*b - 1. Let p be g(-4). Let v = 34 + p. List the prime factors of v.
13
Let o = -4 - -5. Let a be 2*o/(3/(-3)). List the prime factors of 0*(-1)/a + 9.
3
Let o be 161 + 1 - (3 - 1). Suppose -3*m = m - o. Suppose -6*h + h = -m. List the prime factors of h.
2
Let q(o) = o**2 - 3*o + 1. Let m be q(3). List the prime factors of (0 - 2) + m*11.
3
Let a = -49 + 121. Suppose -23*i + a = -19*i. What are the prime factors of i?
2, 3
Suppose -k + 5 = 2*u, 3*u + 4*k = -0*k + 20. What are the prime factors of 0 + (0 - u) + 23?
23
Suppose 0*i + 4*i - 8 = 0. Suppose i*j - 1 = -3. What are the prime factors of 0/2 - (j - 4)?
5
Let p(g) = -g**2 - 6*g + 8. Let o be p(-7). What are the prime factors of o/(-2)*-1*12?
2, 3
Suppose 0 = -3*w + 100 + 14. List the prime factors of w.
2, 19
Let l be (-2)/4*(0 + 0). Suppose 3*m - 6*m = -15, -4*i - 2*m + 126 = l. Let q = i - 13. What are the prime factors of q?
2
Let t(h) = 8*h + 8. List the prime factors of t(4).
2, 5
Let j(l) = 2*l**2 - 1. Let b be j(2). Suppose -3*o + 9 = -0*o + 4*g, 2*g - b = o. List the prime factors of 16 - (o + (1 - -1)).
3, 5
Suppose -53*q + 564 = -47*q. What are the prime factors of q?
2, 47
Suppose 3*y + 8 = 23. Suppose i = -g, -3*i + g + y + 11 = 0. Suppose 5*x + 18 = 2*v, -2*x + 26 = i*v - 7*x. List the prime factors of v.
2
Suppose 2*k - 4 = 2. Suppose -64 = -4*f + 4*l, -1 = f - k*l - 21. What are the prime factors of f?
2, 7
Suppose 0 = 5*o - o - 8. Suppose -5*n = 3*d - 4 - 15, o*n = 3*d + 16. Let k(b) = b. What are the prime factors of k(n)?
5
Let j(l) = 5*l**3 + 13. Let h(x) = -3*x**3 - 6. Let o(s) = 7*h(s) + 4*j(s). Let d = -1 - -1. List the prime factors of o(d).
2, 5
Let r(p) = -3*p - 5. List the prime factors of r(-5).
2, 5
Let w(c) = -c**2 - c. Let v(t) = 10*t + 14. Let b(d) = -v(d) - w(d). What are the prime factors of b(11)?
2
Suppose -136 = -6*s + 4*s. List the prime factors of s.
2, 17
Let w(l) = 13*l - 5. Let s be w(5). List the prime factors of (7/(21/s))/2.
2, 5
Let o be 34*(-1 + 3) + 0. List the prime factors of (1 + -2)/((-4)/o).
17
Let d be (10 - 4)*(-1)/2. Let i = d + 6. What are the prime factors of i?
3
Let r = 35 + 29. What are the prime factors of r?
2
Let h(o) = o**2 + 4*o + 6. Let f be h(-4). Let a be (1 + (-2)/f)*3. Let b(k) = 4*k + 1. What are the prime factors of b(a)?
3
Suppose 0*q = 5*q. Let l be 0 - (2 + -3 + q). Suppose 15 + l = g. What are the prime factors of g?
2
Let z(q) be the first derivative of -q**3/3 + 3*q**2 - q + 3. What are the prime factors of z(5)?
2
Let n(b) = b**3 + 6*b**2 + 3*b - 